 Let c = q + 39. Is 11126/30 + 10/c a prime number?
False
Let c(x) = 86*x**2 + 2*x + 97. Let j be c(11). Let l = j - 5508. Is l composite?
True
Let y(f) = -f**3 + 18*f**2 - 2*f + 11. Let i be y(15). Suppose 14*o = 18*o - i. Let c = o - -625. Is c a prime number?
False
Let n(b) = 1056*b - 95. Let c be n(25). Suppose j - 6*j = -c. Is j a prime number?
True
Suppose 21*b + 39 = 123. Suppose 2813 = b*i + 5*c, 3*i - 2086 = 13*c - 12*c. Is i prime?
False
Let d(h) = h**3 - 19*h**2 - 60*h - 12. Let p be d(21). Let o = -713 - -1500. Let v = p + o. Is v a composite number?
False
Suppose 16823831 + 7571452 = 580*j - 283*j. Is j composite?
False
Let f(x) = 3*x**2 + 62*x - 34. Let z be f(-26). Suppose -1817 = -n + z. Is n a prime number?
False
Let i(r) = 703*r + 2. Let v(z) = 702*z + 1. Let j(o) = -4*i(o) + 5*v(o). Suppose 8*n + 100 = 116. Is j(n) a composite number?
True
Let g(a) be the third derivative of a**5/15 + 13*a**4/3 - a**3/2 - 15*a**2. Is g(29) prime?
False
Suppose 0 = 2*m - 3*o - 54, 2*o - 5 = -2*m + 39. Suppose -m*q + 23*q = -5*i + 104989, 0 = 3*i + 5*q - 62999. Is i prime?
False
Let n = -79 + 80. Let u be 0/n + 30/10. Suppose u*w = -0*w + 12795. Is w prime?
False
Is (-4217)/(9/180*-4) a composite number?
True
Let i(b) = 79*b + 19 + 5*b**3 - 15*b**2 - 85*b - 2*b**3. Is i(16) a composite number?
True
Let c(v) be the third derivative of -323*v**4/6 + 217*v**3/6 - 70*v**2. Is c(-17) prime?
False
Suppose 0 = -11*r + 292131 - 85958. Is r prime?
True
Let d = 3521 + -11155. Let t = -3447 - d. Is t composite?
True
Suppose -3*j = -37*q + 38*q - 3124487, 2*q = -5*j + 5207477. Is j a composite number?
False
Let x(m) = m**3 + m**2 + 2. Let p be x(-2). Let v = 60 + -61. Is p + v/((-4)/((-5532)/(-1))) a composite number?
False
Let j = 120646 - 34319. Is j a prime number?
False
Let h(p) = -35*p - 171. Let z be h(-5). Suppose 5*w - z*m = 30101, 5*w - 34570 = 3*m - 4473. Is w prime?
False
Let p(w) = 546*w**2 + w - 3. Let j(o) = -3*o**2 + 4*o - 3. Let t(x) = -3*x**2 + 5*x - 4. Let s(z) = 6*j(z) - 5*t(z). Let f be s(1). Is p(f) a prime number?
True
Let i = -126308 + 312859. Is i composite?
False
Let g = 89093 + -51576. Is g prime?
True
Let n(x) be the first derivative of 2*x**3/3 - 7*x**2/2 + 31*x - 6. Let j(b) = b**2 - 22*b + 70. Let z be j(17). Is n(z) composite?
True
Suppose 16 = 2*b - 6*b. Let p be (-9228)/(-18)*(-2)/b*3. Let i = p - 240. Is i prime?
False
Suppose -412*h = -411*h - 6775. Suppose 0*z - c + 16948 = 5*z, 0 = 2*z - c - h. Is z a prime number?
True
Let p = -90 + 93. Suppose 4*m + 4*n = 16804, -p*m = 3*n + 2*n - 12609. Is m prime?
False
Suppose -3657 = 60*g + 4143. Let z = 2079 + g. Is z composite?
False
Let r be 0/(10/(-14) + 6/(-21)). Suppose 3*n = o - 381, 4*o + r*n + 4*n - 1476 = 0. Let j = 605 - o. Is j prime?
True
Is (5/(-25))/((-23)/1061105) a composite number?
False
Let y(t) = -33*t + 144*t**2 + 13 + 10*t - 8*t**2. Is y(2) a prime number?
False
Let z(f) = -52 + 45 + 11*f + 6*f - 6*f + 274*f**2. Is z(4) a prime number?
True
Let i(u) = -4*u**2 - 19*u + 10. Let s(z) = -2*z**2 - 10*z + 5. Let m(y) = 4*i(y) - 9*s(y). Let w be m(-7). Is 553/1 - (-2 - (w - -3)) prime?
False
Let d = 163895 + -13474. Is d a composite number?
True
Let l(j) = 894*j**2 - 2*j + 2. Let r be l(2). Let z(p) = -3*p**2 + 229*p + 67. Let b be z(84). Let t = r + b. Is t prime?
True
Let t(v) = 851*v. Let g be t(1). Let u = g - -1446. Suppose -3*s - 2*o = -u, -s + 512 + 249 = 3*o. Is s a composite number?
True
Let r(l) = -79*l + 111. Let n be r(-9). Suppose 4*h - 4*z - 2432 = 0, z - 403 = -2*h + n. Is h a prime number?
False
Suppose 46903 = 11*w - 70313. Let v = w + -6863. Is v prime?
True
Let f(k) = -4*k + 170. Let h be f(40). Is 3*(-11 + h - (-38452)/6) a prime number?
False
Suppose -2*j - j + g + 16883 = 0, -4*g = 3*j - 16903. Suppose -j = -f + 2*r, -5*f + 15400 = -5*r - 12730. Is f composite?
False
Let d be -706*(-4 + 6 - 4). Suppose -11*z + 13*z = -d. Let y = z - -1235. Is y a prime number?
False
Let m(n) = n - 27. Let h be m(29). Suppose -3*i + 1429 = h*z, 0 = -2*z + 4*i + 1173 + 277. Is z a composite number?
False
Suppose 0 = -3*h - 4 - 2. Let v(x) = 52*x + 3. Let w(n) = -n - 1. Let t(p) = -v(p) + 2*w(p). Is t(h) composite?
False
Suppose 0 = 69*k - 61*k. Suppose -5*s + 8*s - 6861 = k. Is s a prime number?
True
Let l(t) = -t**2 - 5*t + 39. Let f be l(4). Suppose 0*y - f*y = 2*h - 18733, -y = 4*h - 6241. Is y composite?
True
Suppose -74 - 1007 = -47*f. Suppose f*k = 14779 + 14040. Is k prime?
False
Let j be -60*((-2 - 0) + (-5)/(-3)). Suppose -7*q - j*q = -55107. Is q a prime number?
False
Suppose 16 = -g + 4*t, -3*t - 1 + 16 = 0. Suppose g*u - 6*c - 3089 = -c, 4*u - 3079 = 3*c. Is u composite?
True
Let c(r) = 78*r - 37*r - 39*r - 4. Let f be c(4). Suppose -5*k = -f*b - 1075, -270 = -k + 3*b - 44. Is k prime?
True
Let o(r) = 536*r - 2. Let v be o(2). Let j = v - 74. Suppose -9*d + 5*d + j = 0. Is d a prime number?
False
Suppose -h + 206898 = -1387*i + 1386*i, -7 = -i. Is h prime?
False
Suppose -4*w - 5*k = -2362559, 4*k + 0*k - 1771919 = -3*w. Is w a prime number?
True
Let o be 2 + (6 - 3) + 3. Let g = 13 - 11. Suppose 5*q - 18600 = o*c - 3*c, 0 = g*c + 10. Is q prime?
False
Let y(m) = -15*m + 351. Let x be y(24). Is ((-350438)/(-51))/((-6)/x) prime?
False
Suppose 0 = 3*m, 5*a + 48*m - 1769018 = 52*m + 172247. Is a a composite number?
False
Let m(r) = -24*r + 6. Let p be m(1). Let b(c) = -c**3 + c**2 + 24*c + 28. Let f be b(p). Is (f/(-12))/((-2)/3) composite?
False
Suppose -20*u + 8 = -16*u. Suppose u*h = -5*v + 4, 2*h + 4 = v + 4*h. Suppose v = d + 6*d - 4781. Is d a composite number?
False
Let w be (94/(-3))/((-26)/250263). Is w/138*1*4/6 prime?
False
Suppose -105*w + 5*w = -6836300. Is w prime?
False
Let b = -172190 + 331579. Is b a prime number?
True
Let i = -120 - -125. Suppose -3*j + w + w = -5131, -i*w - 10 = 0. Is j prime?
True
Let n(k) = 16*k + 25. Let s(q) = -q**3 + 11*q**2 + 12*q + 3. Let t be s(12). Suppose -5*a + 80 = t*a. Is n(a) a composite number?
True
Let r = 297 - -925. Let w = r + 555. Is w a prime number?
True
Let r(h) = 328*h**2 - 88. Let z(l) = 30*l**2 - 8. Let f(p) = -6*r(p) + 68*z(p). Let m be f(5). Suppose -c = -4, 3*c = -4*b + 6*c + m. Is b composite?
False
Let f(n) = -3*n + 4. Let q(k) = -11*k**2 - k + 2. Let p be q(-1). Let i be f(p). Is (-42)/i*254*-1 prime?
False
Let h = 12145 + 106198. Is h composite?
False
Suppose -21*x = -17*x - 14924. Is (-1 - x/(-2))*(-12)/(-18) prime?
False
Let i be ((-12)/(-9) - -2)*(-3)/(-2). Suppose 5*r = 2*c + 269, 0 = -5*c - i*r - 0*r - 760. Let s = c + 488. Is s prime?
False
Suppose 365244 + 4821187 = 41*t - 380262. Is t prime?
False
Is (-1 - -54122)/(-6 + 7) a composite number?
False
Suppose 2*z - 5*z + 21 = 0. Suppose 4*o = 2*l - 6, 3*l + o = z - 19. Is (-2)/(l + 8332/2780) composite?
True
Let g(l) = -2 + 1 + 7*l**2 + 1118*l - 1 - 1110*l + 8. Suppose -4*x + 1 = z - 0*z, -2*z - 24 = -5*x. Is g(z) a composite number?
False
Suppose 7*r = 11*r. Suppose f - 18 = 5*x, -2*x + 0*f + f - 6 = r. Is (4/6)/(x/(-3516)) a composite number?
True
Is (12/14 - (9 - 128/14))*8353 composite?
False
Let o be (4/3)/(42/(-756)). Is o/6 + -69*(1 + -8) a composite number?
False
Suppose 0 = 43*l - 40*l - 48. Suppose 10*j - l*j + 762 = 0. Is j composite?
False
Let m = 262729 + -147428. Is m a composite number?
False
Let t = -101 - -97. Let v be (2/4)/(t + (-8228)/(-2056)). Let l = v - -782. Is l composite?
False
Suppose -6*o - 12432 = -7*o. Suppose n = 16457 + o. Is n composite?
True
Let n(g) = 52*g**3 - 215 - 6*g + 208 + 4*g - 6*g. Is n(7) prime?
False
Let k(d) = 29*d**2 + d - 7. Let m be ((-149)/(-15) - 32/(-80))*3. Suppose -m*f = -26*f + 15. Is k(f) a prime number?
True
Let c be (975/60)/(1/4). Let r = c + 834. Is r composite?
True
Suppose 0 = 3*g - 4*f - 2, -f = 5*g - 0*f - 34. Suppose 4*c = j + 30, 4*c - g*j - 24 = -2*j. Let o = 113 + c. Is o prime?
False
Suppose c - 5*d = 271121, 2*d - 1089508 = -5*c + 265881. Is c composite?
True
Let g(m) = 52*m + 2 - 57*m + 12*m**2 - 1 + 15*m**2. Is g(-5) a composite number?
False
Let m(w) = w**3 - 5*w**2 + 5*w - 19. Let r be m(5). Is (76/(-24))/((-1)/r) prime?
True
Suppose 0*q + 2 = 4*a - 2*q, 0 = -5*a - 3*q + 30. Suppose -53 - a = -7*x. Suppose x*n - 13656 = -4*n. Is n a prime number?
False
L